{"id":10449,"date":"2024-04-22T14:16:28","date_gmt":"2024-04-22T12:16:28","guid":{"rendered":"https:\/\/epb-larochelle.fr\/?post_type=product&#038;p=10449"},"modified":"2025-12-10T10:25:58","modified_gmt":"2025-12-10T09:25:58","slug":"frais-de-prolongation","status":"publish","type":"product","link":"https:\/\/epb-larochelle.fr\/index.php\/produit\/frais-de-prolongation\/","title":{"rendered":"Frais de prolongation"},"content":{"rendered":"<p>Votre permis est d\u00e9pass\u00e9 de 6 mois, vous avez la possibilit\u00e9 de le prolonger pendant 6 mois au tarif de 120.00\u20ac.<\/p>\n<p>La prolongation permet de conserver l&rsquo;inscription dans le bateau \u00e9cole.<\/p>\n<p>elle vous permet d&rsquo;avoir acc\u00e8s \u00e0 la formation en ligne.<\/p>\n<p>elle permet au bateau \u00e9cole de transmettre votre dossier aux affaires maritimes et de cl\u00f4turer votre dossier avec celle-ci d\u00e8s l&rsquo;obtention du permis.<\/p>\n<p>Attention une seule prolongation est possible au-del\u00e0 il faudra nous consulter 06-20-78-92-87<\/p>\n<p>&nbsp;<\/p>\n","protected":false},"excerpt":{"rendered":"<h5>Si votre contrat est d\u00e9pass\u00e9 de 6 mois \u00e0 date de commande initiale, vous pouvez r\u00e9gler des frais de prolongation afin de poursuivre votre formation pour une dur\u00e9e de\u00a0 mois \u00e0 date de reglement. Attention ne peut \u00eatre prolong\u00e9 qu&rsquo;une seule fois.<\/h5>\n<p>Informations : 06-20-78-92-87 ou lecap.bateauecole@icloud.com<\/p>\n","protected":false},"featured_media":10459,"template":"","meta":[],"product_cat":[87],"product_tag":[],"class_list":{"0":"post-10449","1":"product","2":"type-product","3":"status-publish","4":"has-post-thumbnail","6":"product_cat-autres-services","8":"first","9":"instock","10":"shipping-taxable","11":"purchasable","12":"product-type-simple"},"_links":{"self":[{"href":"https:\/\/epb-larochelle.fr\/index.php\/wp-json\/wp\/v2\/product\/10449","targetHints":{"allow":["GET"]}}],"collection":[{"href":"https:\/\/epb-larochelle.fr\/index.php\/wp-json\/wp\/v2\/product"}],"about":[{"href":"https:\/\/epb-larochelle.fr\/index.php\/wp-json\/wp\/v2\/types\/product"}],"wp:featuredmedia":[{"embeddable":true,"href":"https:\/\/epb-larochelle.fr\/index.php\/wp-json\/wp\/v2\/media\/10459"}],"wp:attachment":[{"href":"https:\/\/epb-larochelle.fr\/index.php\/wp-json\/wp\/v2\/media?parent=10449"}],"wp:term":[{"taxonomy":"product_cat","embeddable":true,"href":"https:\/\/epb-larochelle.fr\/index.php\/wp-json\/wp\/v2\/product_cat?post=10449"},{"taxonomy":"product_tag","embeddable":true,"href":"https:\/\/epb-larochelle.fr\/index.php\/wp-json\/wp\/v2\/product_tag?post=10449"}],"curies":[{"name":"wp","href":"https:\/\/api.w.org\/{rel}","templated":true}]}}